{"id":2,"date":"2023-12-04T10:38:52","date_gmt":"2023-12-04T09:38:52","guid":{"rendered":"http:\/\/blogcinemacentansdejeunesse.org\/filmer-l-autre\/?page_id=2"},"modified":"2024-07-04T15:11:44","modified_gmt":"2024-07-04T13:11:44","slug":"page-d-exemple","status":"publish","type":"page","link":"http:\/\/blogcinemacentansdejeunesse.org\/filmer-l-autre\/","title":{"rendered":"Accueil"},"content":{"rendered":"<div class=\"wp-block-image\">\n<figure class=\"aligncenter size-large is-resized\"><a href=\"http:\/\/blogcinemacentansdejeunesse.org\/filmer-l-autre\/wp-content\/uploads\/sites\/13\/2024\/07\/POSTER-A-NOUS-LE-CINEMA-2024.jpg\"><img decoding=\"async\" loading=\"lazy\" src=\"http:\/\/blogcinemacentansdejeunesse.org\/filmer-l-autre\/wp-content\/uploads\/sites\/13\/2024\/07\/POSTER-A-NOUS-LE-CINEMA-2024-733x1024.jpg\" alt=\"\" class=\"wp-image-1951\" width=\"436\" height=\"608\" srcset=\"http:\/\/blogcinemacentansdejeunesse.org\/filmer-l-autre\/wp-content\/uploads\/sites\/13\/2024\/07\/POSTER-A-NOUS-LE-CINEMA-2024-733x1024.jpg 733w, http:\/\/blogcinemacentansdejeunesse.org\/filmer-l-autre\/wp-content\/uploads\/sites\/13\/2024\/07\/POSTER-A-NOUS-LE-CINEMA-2024-215x300.jpg 215w, http:\/\/blogcinemacentansdejeunesse.org\/filmer-l-autre\/wp-content\/uploads\/sites\/13\/2024\/07\/POSTER-A-NOUS-LE-CINEMA-2024-768x1073.jpg 768w, http:\/\/blogcinemacentansdejeunesse.org\/filmer-l-autre\/wp-content\/uploads\/sites\/13\/2024\/07\/POSTER-A-NOUS-LE-CINEMA-2024.jpg 777w\" sizes=\"(max-width: 436px) 100vw, 436px\" \/><\/a><\/figure><\/div>\n\n\n<p>Les Rencontres internationales \u00ab\u00a0\u00c0 nous le cin\u00e9ma\u00a0!\u00a0\u00bb se sont d\u00e9roul\u00e9es pour la premi\u00e8re fois cette ann\u00e9e \u00e0 Lisbonne\u00a0: du 3 au 7 juin, la Cinemateca portuguesa a accueilli les projections des films r\u00e9alis\u00e9s dans les ateliers, en partenariat avec l\u2019association CCAJ\u00a0!, le DFF \u2013 Deutsches Filminstitut &amp; Filmmuseum et l\u2019association Os Filhos de Lumi\u00e8re.<br>Les cin\u00e9astes parrain et marraine de cette \u00e9dition autour du sujet\u00a0:\u00a0\u00ab\u00a0Filmer l\u2019autre \u2013 le geste documentaire\u00a0\u00bb, \u00e9taient Pedro Costa et Dominique Cabrera.<br>Les projections se sont poursuivies du 24 au 27 juin au Cin\u00e9 104 \u00e0 Pantin.<br>Au total, 51 films ont \u00e9t\u00e9 r\u00e9alis\u00e9s dans 13 pays.<br>Tous les films des ateliers qui ont \u00e9t\u00e9 projet\u00e9s sont <a href=\"http:\/\/blogcinemacentansdejeunesse.org\/filmer-l-autre\/films-essais\/\">ICI<\/a><br>La bande-annonce de l\u2019\u00e9dition 2024 est <a href=\"https:\/\/vimeo.com\/951447376\" target=\"_blank\" rel=\"noreferrer noopener\">L\u00c0<\/a><br>Bonnes vacances\u00a0!<\/p>\n\n\n\n<p class=\"has-text-align-right has-blue-color has-text-color\">The \u00ab\u00a0\u00c0 nous le cin\u00e9ma!\u201d international film festival was held for the first time this year in Lisbon: from 3 to 7 June, the Cinemateca portuguesa hosted screenings of the films made in the workshops, in partnership with the CCAJ! association, the DFF &#8211; Deutsches Filminstitut &amp; Filmmuseum and the Os Filhos de Lumi\u00e8re association.<br>The godparents filmmakers for this year&rsquo;s event were Pedro Costa and Dominique Cabrera, whose theme was \u00ab\u00a0Filming the other &#8211; the documentary gesture\u00a0\u00bb.<br>Screenings continued from 24 to 27 June at Cin\u00e9 104 in Pantin.<br>In all, 51 films were made in 13 countries.<br>All the films from the workshops that were screened are <a href=\"http:\/\/blogcinemacentansdejeunesse.org\/filmer-l-autre\/films-essais\/\">HERE<\/a><br>The trailer for the 2024 edition is <a href=\"https:\/\/vimeo.com\/951447376\" target=\"_blank\" rel=\"noreferrer noopener\">THERE<\/a><br>Happy holidays!<\/p>\n\n\n\n<p><\/p>\n\n\n\n<hr class=\"wp-block-separator has-alpha-channel-opacity\"\/>\n\n\n\n<p><\/p>\n\n\n\n<p class=\"has-text-align-left\">Voici la bande-annonce des Rencontres internationales \u00ab\u00a0A nous le cin\u00e9ma !\u00a0\u00bb 2024, compos\u00e9e d&rsquo;extraits de films tourn\u00e9s dans les ateliers du CCAJ (bande-annonce : Elizabeth Wotling).<br>Les projections des films ont lieu cette ann\u00e9e \u00e0 la Cinemateca Portuguesa \u00e0 Lisbonne (du 3 au 7 juin) ainsi qu&rsquo;au Cin\u00e9 104 \u00e0 Pantin (du 24 au 27 juin).<\/p>\n\n\n\n<p class=\"has-text-align-right has-blue-color has-text-color\">Here&rsquo;s the trailer for the Rencontres internationales \u00ab\u00a0A nous le cin\u00e9ma!\u00a0\u00bb 2024, featuring extracts from films shot in CCAJ workshops (trailer : Elizabeth Wotling).<br>This year&rsquo;s screenings take place at the Cinemateca Portuguesa in Lisbon (June 3-7) and at Cin\u00e9 104 in Pantin (June 24-27).<\/p>\n\n\n\n<figure class=\"wp-block-embed is-type-video is-provider-vimeo wp-block-embed-vimeo wp-embed-aspect-16-9 wp-has-aspect-ratio\"><div class=\"wp-block-embed__wrapper\">\n<iframe loading=\"lazy\" title=\"FILMER L&#039;AUTRE - Bande-annonce\" src=\"https:\/\/player.vimeo.com\/video\/951447376?dnt=1&amp;app_id=122963\" width=\"640\" height=\"360\" frameborder=\"0\" allow=\"autoplay; fullscreen; picture-in-picture; clipboard-write\"><\/iframe>\n<\/div><\/figure>\n\n\n\n<p><\/p>\n\n\n\n<hr class=\"wp-block-separator has-alpha-channel-opacity\"\/>\n\n\n\n<p>Les sessions de bilan d&rsquo;\u00e9tape se sont d\u00e9roul\u00e9es cette ann\u00e9e \u00e0 Sofia, en collaboration avec Arte Urbana Collectif :<\/p>\n\n\n<div class=\"wp-block-image\">\n<figure class=\"aligncenter size-large is-resized\"><img decoding=\"async\" loading=\"lazy\" src=\"http:\/\/blogcinemacentansdejeunesse.org\/filmer-l-autre\/wp-content\/uploads\/sites\/13\/2024\/04\/Image-1-2-1024x768.jpeg\" alt=\"\" class=\"wp-image-1363\" width=\"437\" height=\"327\" srcset=\"http:\/\/blogcinemacentansdejeunesse.org\/filmer-l-autre\/wp-content\/uploads\/sites\/13\/2024\/04\/Image-1-2-1024x768.jpeg 1024w, http:\/\/blogcinemacentansdejeunesse.org\/filmer-l-autre\/wp-content\/uploads\/sites\/13\/2024\/04\/Image-1-2-300x225.jpeg 300w, http:\/\/blogcinemacentansdejeunesse.org\/filmer-l-autre\/wp-content\/uploads\/sites\/13\/2024\/04\/Image-1-2-768x576.jpeg 768w, http:\/\/blogcinemacentansdejeunesse.org\/filmer-l-autre\/wp-content\/uploads\/sites\/13\/2024\/04\/Image-1-2-1536x1152.jpeg 1536w, http:\/\/blogcinemacentansdejeunesse.org\/filmer-l-autre\/wp-content\/uploads\/sites\/13\/2024\/04\/Image-1-2.jpeg 2048w\" sizes=\"(max-width: 437px) 100vw, 437px\" \/><\/figure><\/div>\n\n\n<p>\u00e0 Pantin au Cin\u00e9 104 : <\/p>\n\n\n<div class=\"wp-block-image\">\n<figure class=\"aligncenter size-full is-resized\"><img decoding=\"async\" loading=\"lazy\" src=\"http:\/\/blogcinemacentansdejeunesse.org\/filmer-l-autre\/wp-content\/uploads\/sites\/13\/2024\/04\/Photo-groupe-Pantin-2024.png\" alt=\"\" class=\"wp-image-1365\" width=\"443\" height=\"295\" srcset=\"http:\/\/blogcinemacentansdejeunesse.org\/filmer-l-autre\/wp-content\/uploads\/sites\/13\/2024\/04\/Photo-groupe-Pantin-2024.png 770w, http:\/\/blogcinemacentansdejeunesse.org\/filmer-l-autre\/wp-content\/uploads\/sites\/13\/2024\/04\/Photo-groupe-Pantin-2024-300x200.png 300w, http:\/\/blogcinemacentansdejeunesse.org\/filmer-l-autre\/wp-content\/uploads\/sites\/13\/2024\/04\/Photo-groupe-Pantin-2024-768x512.png 768w\" sizes=\"(max-width: 443px) 100vw, 443px\" \/><\/figure><\/div>\n\n\n<p>ainsi qu&rsquo;\u00e0 l&rsquo;Institut Jean Vigo \u00e0 Perpignan. <\/p>\n\n\n\n<figure class=\"wp-block-image size-large\"><img decoding=\"async\" loading=\"lazy\" width=\"1024\" height=\"377\" src=\"http:\/\/blogcinemacentansdejeunesse.org\/filmer-l-autre\/wp-content\/uploads\/sites\/13\/2024\/04\/C.-Assalit-photo-groupe-1024x377.jpeg\" alt=\"\" class=\"wp-image-1364\" srcset=\"http:\/\/blogcinemacentansdejeunesse.org\/filmer-l-autre\/wp-content\/uploads\/sites\/13\/2024\/04\/C.-Assalit-photo-groupe-1024x377.jpeg 1024w, http:\/\/blogcinemacentansdejeunesse.org\/filmer-l-autre\/wp-content\/uploads\/sites\/13\/2024\/04\/C.-Assalit-photo-groupe-300x111.jpeg 300w, http:\/\/blogcinemacentansdejeunesse.org\/filmer-l-autre\/wp-content\/uploads\/sites\/13\/2024\/04\/C.-Assalit-photo-groupe-768x283.jpeg 768w, http:\/\/blogcinemacentansdejeunesse.org\/filmer-l-autre\/wp-content\/uploads\/sites\/13\/2024\/04\/C.-Assalit-photo-groupe.jpeg 1107w\" sizes=\"(max-width: 1024px) 100vw, 1024px\" \/><\/figure>\n\n\n\n<p><strong>Les exercices sont en ligne sur le blog <a href=\"http:\/\/blogcinemacentansdejeunesse.org\/filmer-l-autre\/les-regles-de-jeu\/\">ici<\/a>.<\/strong><\/p>\n\n\n\n<p>D\u00e9couverte des premiers exercices r\u00e9alis\u00e9s dans les ateliers des 15 pays, que de belles surprises !<\/p>\n\n\n\n<hr class=\"wp-block-separator has-alpha-channel-opacity\"\/>\n\n\n\n<p>Projection au Cin\u00e9 104 \u00e0 Pantin du film documentaire <em>Le Kiosque<\/em>. Belle rencontre entre les classes qui participent au CCAJ en Ile-de-France et la r\u00e9alisatrice du film, Alexandra Pianelli. Comment filmer les autres \/ le travail \/un m\u00eame lieu au fil du temps ?<\/p>\n\n\n<div class=\"wp-block-image\">\n<figure class=\"aligncenter size-large is-resized\"><img decoding=\"async\" loading=\"lazy\" src=\"http:\/\/blogcinemacentansdejeunesse.org\/filmer-l-autre\/wp-content\/uploads\/sites\/13\/2024\/03\/MG_0764-1024x683.jpg\" alt=\"\" class=\"wp-image-1242\" width=\"410\" height=\"273\" srcset=\"http:\/\/blogcinemacentansdejeunesse.org\/filmer-l-autre\/wp-content\/uploads\/sites\/13\/2024\/03\/MG_0764-1024x683.jpg 1024w, http:\/\/blogcinemacentansdejeunesse.org\/filmer-l-autre\/wp-content\/uploads\/sites\/13\/2024\/03\/MG_0764-300x200.jpg 300w, http:\/\/blogcinemacentansdejeunesse.org\/filmer-l-autre\/wp-content\/uploads\/sites\/13\/2024\/03\/MG_0764-768x512.jpg 768w, http:\/\/blogcinemacentansdejeunesse.org\/filmer-l-autre\/wp-content\/uploads\/sites\/13\/2024\/03\/MG_0764-1536x1024.jpg 1536w, http:\/\/blogcinemacentansdejeunesse.org\/filmer-l-autre\/wp-content\/uploads\/sites\/13\/2024\/03\/MG_0764-2048x1366.jpg 2048w\" sizes=\"(max-width: 410px) 100vw, 410px\" \/><\/figure><\/div>\n\n<div class=\"wp-block-image\">\n<figure class=\"aligncenter size-large is-resized\"><img decoding=\"async\" loading=\"lazy\" src=\"http:\/\/blogcinemacentansdejeunesse.org\/filmer-l-autre\/wp-content\/uploads\/sites\/13\/2024\/03\/MG_0780-1024x683.jpg\" alt=\"\" class=\"wp-image-1243\" width=\"411\" height=\"273\" srcset=\"http:\/\/blogcinemacentansdejeunesse.org\/filmer-l-autre\/wp-content\/uploads\/sites\/13\/2024\/03\/MG_0780-1024x683.jpg 1024w, http:\/\/blogcinemacentansdejeunesse.org\/filmer-l-autre\/wp-content\/uploads\/sites\/13\/2024\/03\/MG_0780-300x200.jpg 300w, http:\/\/blogcinemacentansdejeunesse.org\/filmer-l-autre\/wp-content\/uploads\/sites\/13\/2024\/03\/MG_0780-768x512.jpg 768w, http:\/\/blogcinemacentansdejeunesse.org\/filmer-l-autre\/wp-content\/uploads\/sites\/13\/2024\/03\/MG_0780-1536x1024.jpg 1536w, http:\/\/blogcinemacentansdejeunesse.org\/filmer-l-autre\/wp-content\/uploads\/sites\/13\/2024\/03\/MG_0780-2048x1365.jpg 2048w\" sizes=\"(max-width: 411px) 100vw, 411px\" \/><\/figure><\/div>\n\n<div class=\"wp-block-image\">\n<figure class=\"aligncenter size-large is-resized\"><img decoding=\"async\" loading=\"lazy\" src=\"http:\/\/blogcinemacentansdejeunesse.org\/filmer-l-autre\/wp-content\/uploads\/sites\/13\/2024\/03\/MG_0766-1024x683.jpg\" alt=\"\" class=\"wp-image-1244\" width=\"412\" height=\"274\" srcset=\"http:\/\/blogcinemacentansdejeunesse.org\/filmer-l-autre\/wp-content\/uploads\/sites\/13\/2024\/03\/MG_0766-1024x683.jpg 1024w, http:\/\/blogcinemacentansdejeunesse.org\/filmer-l-autre\/wp-content\/uploads\/sites\/13\/2024\/03\/MG_0766-300x200.jpg 300w, http:\/\/blogcinemacentansdejeunesse.org\/filmer-l-autre\/wp-content\/uploads\/sites\/13\/2024\/03\/MG_0766-768x512.jpg 768w, http:\/\/blogcinemacentansdejeunesse.org\/filmer-l-autre\/wp-content\/uploads\/sites\/13\/2024\/03\/MG_0766-1536x1024.jpg 1536w, http:\/\/blogcinemacentansdejeunesse.org\/filmer-l-autre\/wp-content\/uploads\/sites\/13\/2024\/03\/MG_0766-2048x1365.jpg 2048w\" sizes=\"(max-width: 412px) 100vw, 412px\" \/><\/figure><\/div>\n\n\n<p><\/p>\n\n\n\n<hr class=\"wp-block-separator has-alpha-channel-opacity\"\/>\n\n\n\n<p>Au Cin\u00e9 104 \u00e0 Pantin, projection pour les ateliers d&rsquo;Ile-de-France du film <em>Etre et Avoir<\/em> de Nicolas Philibert, un des \u00ab\u00a0parrains\u00a0\u00bb de notre ann\u00e9e sur la question \u00ab\u00a0Filmer l&rsquo;autre &#8211; le geste documentaire\u00a0\u00bb.&nbsp; D&rsquo;avoir d\u00e9j\u00e0 r\u00e9alis\u00e9 des exercices sur la question aiguise le regard des participants !<\/p>\n\n\n<div class=\"wp-block-image\">\n<figure class=\"aligncenter size-large is-resized\"><img decoding=\"async\" loading=\"lazy\" src=\"http:\/\/blogcinemacentansdejeunesse.org\/filmer-l-autre\/wp-content\/uploads\/sites\/13\/2024\/02\/Capture-decran-2024-02-09-a-10.36.24-1024x622.png\" alt=\"\" class=\"wp-image-650\" width=\"413\" height=\"250\" srcset=\"http:\/\/blogcinemacentansdejeunesse.org\/filmer-l-autre\/wp-content\/uploads\/sites\/13\/2024\/02\/Capture-decran-2024-02-09-a-10.36.24-1024x622.png 1024w, http:\/\/blogcinemacentansdejeunesse.org\/filmer-l-autre\/wp-content\/uploads\/sites\/13\/2024\/02\/Capture-decran-2024-02-09-a-10.36.24-300x182.png 300w, http:\/\/blogcinemacentansdejeunesse.org\/filmer-l-autre\/wp-content\/uploads\/sites\/13\/2024\/02\/Capture-decran-2024-02-09-a-10.36.24-768x467.png 768w, http:\/\/blogcinemacentansdejeunesse.org\/filmer-l-autre\/wp-content\/uploads\/sites\/13\/2024\/02\/Capture-decran-2024-02-09-a-10.36.24.png 1280w\" sizes=\"(max-width: 413px) 100vw, 413px\" \/><\/figure><\/div>\n\n<div class=\"wp-block-image\">\n<figure class=\"aligncenter size-large is-resized\"><img decoding=\"async\" loading=\"lazy\" src=\"http:\/\/blogcinemacentansdejeunesse.org\/filmer-l-autre\/wp-content\/uploads\/sites\/13\/2024\/02\/DSC_4320-1024x622.jpg\" alt=\"\" class=\"wp-image-651\" width=\"415\" height=\"251\" srcset=\"http:\/\/blogcinemacentansdejeunesse.org\/filmer-l-autre\/wp-content\/uploads\/sites\/13\/2024\/02\/DSC_4320-1024x622.jpg 1024w, http:\/\/blogcinemacentansdejeunesse.org\/filmer-l-autre\/wp-content\/uploads\/sites\/13\/2024\/02\/DSC_4320-300x182.jpg 300w, http:\/\/blogcinemacentansdejeunesse.org\/filmer-l-autre\/wp-content\/uploads\/sites\/13\/2024\/02\/DSC_4320-768x466.jpg 768w, http:\/\/blogcinemacentansdejeunesse.org\/filmer-l-autre\/wp-content\/uploads\/sites\/13\/2024\/02\/DSC_4320.jpg 1280w\" sizes=\"(max-width: 415px) 100vw, 415px\" \/><\/figure><\/div>\n\n\n<p><\/p>\n\n\n\n<hr class=\"wp-block-separator has-alpha-channel-opacity\"\/>\n\n\n\n<p>Bonne ann\u00e9e 2024 avec les ateliers CCAJ sur le documentaire (Filmer l&rsquo;Autre), \u00e0 vous de poster la pr\u00e9sentation de votre groupe sur le blog, maintenant !<\/p>\n\n\n\n<p class=\"has-text-align-right has-blue-color has-text-color\">Happy new year 2024 with the CCAJ documentary workshops (\u00ab\u00a0Filming the Other\u00a0\u00bb), now is the time to post your group&rsquo;s presentation on the blog!<\/p>\n\n\n\n<blockquote class=\"wp-block-quote\">\n<p><\/p>\n<\/blockquote>\n\n\n\n<figure class=\"wp-block-image size-large is-resized\"><img decoding=\"async\" loading=\"lazy\" src=\"http:\/\/blogcinemacentansdejeunesse.org\/filmer-l-autre\/wp-content\/uploads\/sites\/13\/2023\/12\/Beppie-Johan-van-der-Keuken-2024-1024x745.png\" alt=\"\" class=\"wp-image-109\" width=\"670\" height=\"487\" srcset=\"http:\/\/blogcinemacentansdejeunesse.org\/filmer-l-autre\/wp-content\/uploads\/sites\/13\/2023\/12\/Beppie-Johan-van-der-Keuken-2024-1024x745.png 1024w, http:\/\/blogcinemacentansdejeunesse.org\/filmer-l-autre\/wp-content\/uploads\/sites\/13\/2023\/12\/Beppie-Johan-van-der-Keuken-2024-300x218.png 300w, http:\/\/blogcinemacentansdejeunesse.org\/filmer-l-autre\/wp-content\/uploads\/sites\/13\/2023\/12\/Beppie-Johan-van-der-Keuken-2024-768x559.png 768w, http:\/\/blogcinemacentansdejeunesse.org\/filmer-l-autre\/wp-content\/uploads\/sites\/13\/2023\/12\/Beppie-Johan-van-der-Keuken-2024-1536x1117.png 1536w, http:\/\/blogcinemacentansdejeunesse.org\/filmer-l-autre\/wp-content\/uploads\/sites\/13\/2023\/12\/Beppie-Johan-van-der-Keuken-2024.png 1948w\" sizes=\"(max-width: 670px) 100vw, 670px\" \/><figcaption class=\"wp-element-caption\"><em>Beppie<\/em>, Johan van der Keuken<\/figcaption><\/figure>\n","protected":false},"excerpt":{"rendered":"<p>Les Rencontres internationales \u00ab\u00a0\u00c0 nous le cin\u00e9ma\u00a0!\u00a0\u00bb se sont d\u00e9roul\u00e9es pour la premi\u00e8re fois cette ann\u00e9e \u00e0 Lisbonne\u00a0: du 3 au 7 juin, la Cinemateca portuguesa a accueilli les projections des films r\u00e9alis\u00e9s dans les ateliers, en partenariat avec l\u2019association &hellip; <a href=\"http:\/\/blogcinemacentansdejeunesse.org\/filmer-l-autre\/\">Continuer la lecture <span class=\"meta-nav\">&rarr;<\/span><\/a><\/p>\n","protected":false},"author":2,"featured_media":0,"parent":0,"menu_order":0,"comment_status":"closed","ping_status":"open","template":"","meta":{"_coblocks_attr":"","_coblocks_dimensions":"","_coblocks_responsive_height":"","_coblocks_accordion_ie_support":""},"_links":{"self":[{"href":"http:\/\/blogcinemacentansdejeunesse.org\/filmer-l-autre\/wp-json\/wp\/v2\/pages\/2"}],"collection":[{"href":"http:\/\/blogcinemacentansdejeunesse.org\/filmer-l-autre\/wp-json\/wp\/v2\/pages"}],"about":[{"href":"http:\/\/blogcinemacentansdejeunesse.org\/filmer-l-autre\/wp-json\/wp\/v2\/types\/page"}],"author":[{"embeddable":true,"href":"http:\/\/blogcinemacentansdejeunesse.org\/filmer-l-autre\/wp-json\/wp\/v2\/users\/2"}],"replies":[{"embeddable":true,"href":"http:\/\/blogcinemacentansdejeunesse.org\/filmer-l-autre\/wp-json\/wp\/v2\/comments?post=2"}],"version-history":[{"count":23,"href":"http:\/\/blogcinemacentansdejeunesse.org\/filmer-l-autre\/wp-json\/wp\/v2\/pages\/2\/revisions"}],"predecessor-version":[{"id":1953,"href":"http:\/\/blogcinemacentansdejeunesse.org\/filmer-l-autre\/wp-json\/wp\/v2\/pages\/2\/revisions\/1953"}],"wp:attachment":[{"href":"http:\/\/blogcinemacentansdejeunesse.org\/filmer-l-autre\/wp-json\/wp\/v2\/media?parent=2"}],"curies":[{"name":"wp","href":"https:\/\/api.w.org\/{rel}","templated":true}]}}