{"id":51,"date":"2022-11-30T16:17:06","date_gmt":"2022-11-30T15:17:06","guid":{"rendered":"http:\/\/blogcinemacentansdejeunesse.org\/centredecentre\/?page_id=51"},"modified":"2022-12-05T18:02:17","modified_gmt":"2022-12-05T17:02:17","slug":"spielregeln","status":"publish","type":"page","link":"http:\/\/blogcinemacentansdejeunesse.org\/centredecentre\/spielregeln\/","title":{"rendered":"Spielregeln"},"content":{"rendered":"\n<p class=\"has-text-align-center\">CIN\u00c9MA CENT ANS DE JEUNESSE<\/p>\n\n\n\n<p class=\"has-text-align-center\">2022-2023<\/p>\n\n\n\n<p class=\"has-text-align-center\">Zentriert\/Dezentriert<\/p>\n\n\n\n<p class=\"has-text-color\" style=\"color:#f86001\"><strong>\u00dcBUNGEN<\/strong><\/p>\n\n\n\n<p><strong>1<\/strong><strong>. <\/strong><strong>\u00dcbung<\/strong><strong>: <\/strong><strong>Detail \/ Ganzes &amp; <\/strong><strong>Offstimme<\/strong><strong> \/ Bild<\/strong><\/p>\n\n\n\n<p>W\u00e4hlt ein Bild (Foto oder Gem\u00e4lde) aus den vorgeschlagenen Materialien aus. Macht in diesem Bild das Detail aus, das Eure Aufmerksamkeit weckt, das Euch interessiert. Nehmt einen Kommentar zu diesem Detail auf (warum habt Ihr es ausgew\u00e4hlt, an welche Situation erinnert es Euch usw.)<\/p>\n\n\n\n<p>Danach filmt ihr in fixen Einstellungen, in einer von Euch gew\u00e4hlten Abfolge, dieses Detail aber auch andere Details im Bild (w\u00e4hlt mindestens 2 oder 3 aus). Den Kommentar montiert ihr zu diesen Aufnahmen. Dadurch weicht das, was man h\u00f6rt, und das, was man sieht, voneinander ab \u2013 au\u00dfer in dem Moment, in dem das ausgew\u00e4hlte Detail im Bild zu sehen ist.&nbsp; Am Ende des Videos entdeckt man das Bild als Ganzes.<\/p>\n\n\n\n<p>Es kann auch ein anderes Bild, als die von CCAJ vorgeschlagenen Bilder, gew\u00e4hlt werden, aber es sollte ein Bild mit zahlreichen Details sein, das geeignet f\u00fcr diese \u00dcbung ist.<\/p>\n\n\n\n<p>Dauer: maximal 2 Minuten (3-5 fixe Einstellungen)<\/p>\n\n\n\n<p><strong>2.<\/strong><strong>\u00dcbung<\/strong><strong>: <\/strong><strong>Ton\/Bild<\/strong><\/p>\n\n\n\n<p>Filmt eine Sequenz, in der Bild und Ton gegeneinander verschoben, dezentriert sind.<\/p>\n\n\n\n<p>Dauer: maximal 2 Minuten (Plansequenz oder Montage mehrerer Einstellungen)<\/p>\n\n\n\n<p>Einzeln oder als Gruppe<\/p>\n\n\n\n<p><strong>3. \u00dcbung<\/strong><strong> : <\/strong><strong>Dezentrierung<\/strong><strong> in der Einstellung<\/strong><\/p>\n\n\n\n<p>Dreht eine Plansequenz, in der Ihr eine Figur in einer frei gew\u00e4hlten Situation begleitet. In einem Moment verl\u00e4sst die Kamera, ohne ersichtlichen Grund, die Figur, um ein Ding, eine Situation, ein Detail, eine Geste usw. zu filmen, die zun\u00e4chst keinen Bezug zur Situation, die die Figur erlebt, zu haben scheint. Erst als die Kamera zur Figur zur\u00fcckkehrt, entdeckt man, dass es sehr wohl eine Verbindung (expressiv, narrativ) zwischen den in der dezentrierten Einstellung ausgew\u00e4hlten Elementen und dem letzten Moment, in dem wir die Figur im Bild sehen, gibt.<\/p>\n\n\n\n<p>Dazer: maximal 2 Minuten (keine Montage)<\/p>\n\n\n\n<p>Gruppenarbeit<\/p>\n\n\n\n<p class=\"has-text-color\" style=\"color:#f86001\"><strong>FILM-ESSAI<\/strong><\/p>\n\n\n\n<p>Dreht einen Kurzfilm, der auf eine Situation zentriert ist.<\/p>\n\n\n\n<p>F\u00fchrt in diese Situation verschiedene Effekte der vor\u00fcbergehenden Dezentrierung ein, die ein Gef\u00fchl oder einen Sinn ergeben (z.B. kurzzeitiges Verlassen des zentralen Gegenstands, Dekadrierung der Einstellung, Asynchronit\u00e4t von Bild\/Ton, Versperrung des Blicks, Licht, Ablenkung der Figur usw.)<\/p>\n\n\n\n<p>Der Film kann von einer Situation inspiriert sein, die in den \u00dcbungen bearbeitet wurde.<\/p>\n\n\n\n<p>Dauer: 5-10 Minuten (inklusive Vor- und Abspann)<\/p>\n\n\n\n<p class=\"has-text-color has-normal-font-size\" style=\"color:#f86001\"><strong>III\/ BLOG<\/strong><\/p>\n\n\n\n<p>Der Blog bietet den verschiedenen Praxisprojekten die M\u00f6glichkeit, sich w\u00e4hrend des ganzen Jahres auszutauschen und einander zu begegnen. Die Sch\u00fcler*innen k\u00f6nnen hier \u00fcber ihre Erfahrungen berichten (sie sind diejenigen, die sich ausdr\u00fccken): die gesehenen Filme, die Dreharbeiten, ihre Reflexionen, ihre Fragen \u2013 mit Fotos, Zeichnungen, Videos&#8230;<\/p>\n\n\n\n<p>Vorsicht, die Filme werden erst nach der Abschlussveranstaltung in Frankfurt im Juni&nbsp; auf dem Blog pr\u00e4sentiert!<\/p>\n\n\n\n<p>Bis zum 15. Dezember, beginnt jede Projektgruppe sich vorzustellen: die Gruppe, der Ort, wo das Projekt stattfindet (Raum, Schule, Dorf oder Stadt) usw. In der eigenen Sprache, aber auch auf Englisch oder Franz\u00f6sisch.<\/p>\n","protected":false},"excerpt":{"rendered":"<p>CIN\u00c9MA CENT ANS DE JEUNESSE 2022-2023 Zentriert\/Dezentriert \u00dcBUNGEN 1. \u00dcbung: Detail \/ Ganzes &amp; Offstimme \/ Bild W\u00e4hlt ein Bild (Foto oder Gem\u00e4lde) aus den vorgeschlagenen Materialien aus. Macht in diesem Bild das Detail aus, das Eure Aufmerksamkeit weckt, das &hellip; <a href=\"http:\/\/blogcinemacentansdejeunesse.org\/centredecentre\/spielregeln\/\">Continuer la lecture <span class=\"meta-nav\">&rarr;<\/span><\/a><\/p>\n","protected":false},"author":1,"featured_media":0,"parent":0,"menu_order":0,"comment_status":"closed","ping_status":"closed","template":"","meta":{"_coblocks_attr":"","_coblocks_dimensions":"","_coblocks_responsive_height":"","_coblocks_accordion_ie_support":""},"_links":{"self":[{"href":"http:\/\/blogcinemacentansdejeunesse.org\/centredecentre\/wp-json\/wp\/v2\/pages\/51"}],"collection":[{"href":"http:\/\/blogcinemacentansdejeunesse.org\/centredecentre\/wp-json\/wp\/v2\/pages"}],"about":[{"href":"http:\/\/blogcinemacentansdejeunesse.org\/centredecentre\/wp-json\/wp\/v2\/types\/page"}],"author":[{"embeddable":true,"href":"http:\/\/blogcinemacentansdejeunesse.org\/centredecentre\/wp-json\/wp\/v2\/users\/1"}],"replies":[{"embeddable":true,"href":"http:\/\/blogcinemacentansdejeunesse.org\/centredecentre\/wp-json\/wp\/v2\/comments?post=51"}],"version-history":[{"count":3,"href":"http:\/\/blogcinemacentansdejeunesse.org\/centredecentre\/wp-json\/wp\/v2\/pages\/51\/revisions"}],"predecessor-version":[{"id":177,"href":"http:\/\/blogcinemacentansdejeunesse.org\/centredecentre\/wp-json\/wp\/v2\/pages\/51\/revisions\/177"}],"wp:attachment":[{"href":"http:\/\/blogcinemacentansdejeunesse.org\/centredecentre\/wp-json\/wp\/v2\/media?parent=51"}],"curies":[{"name":"wp","href":"https:\/\/api.w.org\/{rel}","templated":true}]}}

<p class="has-text-align-center">CINÉMA CENT ANS DE JEUNESSE</p>



<p class="has-text-align-center">2022-2023</p>



<p class="has-text-align-center">Zentriert/Dezentriert</p>



<p class="has-text-color" style="color:#f86001"><strong>ÜBUNGEN</strong></p>



<p><strong>1</strong><strong>. </strong><strong>Übung</strong><strong>: </strong><strong>Detail / Ganzes &amp; </strong><strong>Offstimme</strong><strong> / Bild</strong></p>



<p>Wählt ein Bild (Foto oder Gemälde) aus den vorgeschlagenen Materialien aus. Macht in diesem Bild das Detail aus, das Eure Aufmerksamkeit weckt, das Euch interessiert. Nehmt einen Kommentar zu diesem Detail auf (warum habt Ihr es ausgewählt, an welche Situation erinnert es Euch usw.)</p>



<p>Danach filmt ihr in fixen Einstellungen, in einer von Euch gewählten Abfolge, dieses Detail aber auch andere Details im Bild (wählt mindestens 2 oder 3 aus). Den Kommentar montiert ihr zu diesen Aufnahmen. Dadurch weicht das, was man hört, und das, was man sieht, voneinander ab – außer in dem Moment, in dem das ausgewählte Detail im Bild zu sehen ist.&nbsp; Am Ende des Videos entdeckt man das Bild als Ganzes.</p>



<p>Es kann auch ein anderes Bild, als die von CCAJ vorgeschlagenen Bilder, gewählt werden, aber es sollte ein Bild mit zahlreichen Details sein, das geeignet für diese Übung ist.</p>



<p>Dauer: maximal 2 Minuten (3-5 fixe Einstellungen)</p>



<p><strong>2.</strong><strong>Übung</strong><strong>: </strong><strong>Ton/Bild</strong></p>



<p>Filmt eine Sequenz, in der Bild und Ton gegeneinander verschoben, dezentriert sind.</p>



<p>Dauer: maximal 2 Minuten (Plansequenz oder Montage mehrerer Einstellungen)</p>



<p>Einzeln oder als Gruppe</p>



<p><strong>3. Übung</strong><strong> : </strong><strong>Dezentrierung</strong><strong> in der Einstellung</strong></p>



<p>Dreht eine Plansequenz, in der Ihr eine Figur in einer frei gewählten Situation begleitet. In einem Moment verlässt die Kamera, ohne ersichtlichen Grund, die Figur, um ein Ding, eine Situation, ein Detail, eine Geste usw. zu filmen, die zunächst keinen Bezug zur Situation, die die Figur erlebt, zu haben scheint. Erst als die Kamera zur Figur zurückkehrt, entdeckt man, dass es sehr wohl eine Verbindung (expressiv, narrativ) zwischen den in der dezentrierten Einstellung ausgewählten Elementen und dem letzten Moment, in dem wir die Figur im Bild sehen, gibt.</p>



<p>Dazer: maximal 2 Minuten (keine Montage)</p>



<p>Gruppenarbeit</p>



<p class="has-text-color" style="color:#f86001"><strong>FILM-ESSAI</strong></p>



<p>Dreht einen Kurzfilm, der auf eine Situation zentriert ist.</p>



<p>Führt in diese Situation verschiedene Effekte der vorübergehenden Dezentrierung ein, die ein Gefühl oder einen Sinn ergeben (z.B. kurzzeitiges Verlassen des zentralen Gegenstands, Dekadrierung der Einstellung, Asynchronität von Bild/Ton, Versperrung des Blicks, Licht, Ablenkung der Figur usw.)</p>



<p>Der Film kann von einer Situation inspiriert sein, die in den Übungen bearbeitet wurde.</p>



<p>Dauer: 5-10 Minuten (inklusive Vor- und Abspann)</p>



<p class="has-text-color has-normal-font-size" style="color:#f86001"><strong>III/ BLOG</strong></p>



<p>Der Blog bietet den verschiedenen Praxisprojekten die Möglichkeit, sich während des ganzen Jahres auszutauschen und einander zu begegnen. Die Schüler*innen können hier über ihre Erfahrungen berichten (sie sind diejenigen, die sich ausdrücken): die gesehenen Filme, die Dreharbeiten, ihre Reflexionen, ihre Fragen – mit Fotos, Zeichnungen, Videos&#8230;</p>



<p>Vorsicht, die Filme werden erst nach der Abschlussveranstaltung in Frankfurt im Juni&nbsp; auf dem Blog präsentiert!</p>



<p>Bis zum 15. Dezember, beginnt jede Projektgruppe sich vorzustellen: die Gruppe, der Ort, wo das Projekt stattfindet (Raum, Schule, Dorf oder Stadt) usw. In der eigenen Sprache, aber auch auf Englisch oder Französisch.</p>

<p>CINÉMA CENT ANS DE JEUNESSE 2022-2023 Zentriert/Dezentriert ÜBUNGEN 1. Übung: Detail / Ganzes &amp; Offstimme / Bild Wählt ein Bild (Foto oder Gemälde) aus den vorgeschlagenen Materialien aus. Macht in diesem Bild das Detail aus, das Eure Aufmerksamkeit weckt, das &hellip; <a href="http://blogcinemacentansdejeunesse.org/centredecentre/spielregeln/">Continuer la lecture <span class="meta-nav">&rarr;</span></a></p>
